*i - 516. Determine q(-56).
-12
Let n(k) = -k**3 - 2*k**2 + k + 1. Give n(-3).
7
Let v(m) = 19*m**2 + m + 2. Calculate v(-1).
20
Let r(n) = -n**3 - 7*n**2 - 5*n + 1. Calculate r(-6).
-5
Let z(k) = -38*k**3 + k**2 - 2*k + 1. What is z(1)?
-38
Let z(n) = n**2 + 38*n - 73. Give z(-40).
7
Let a(h) = -6*h**3 - h**2 + h - 2. Determine a(2).
-52
Let p(t) = -t**2 - 2*t - 15. Calculate p(-4).
-23
Let m(r) = 25*r + 15. What is m(-1)?
-10
Let y(o) = -o - 6. What is y(2)?
-8
Let v(c) = 40*c + 9. Give v(-2).
-71
Let j(o) = o**2 + 9*o - 53. Calculate j(-13).
-1
Let f(s) = 2*s - 72. Calculate f(0).
-72
Let w(b) = b**3 - 8*b**2 + 13*b + 15. Give w(7).
57
Let v(m) = -m**3 + 8*m**2 + 3*m - 4. What is v(8)?
20
Let y(n) = 7*n**2 - 7*n. What is y(2)?
14
Let s(i) = 11*i + 4. Give s(2).
26
Let t(l) = -2*l**2 - 11*l - 14. What is t(-2)?
0
Let n(z) = z**2 - 13*z + 39. What is n(6)?
-3
Let v(t) = 16*t - 282. Calculate v(17).
-10
Let c(k) = k**3 + 8*k**2 + 4*k + 10. What is c(-7)?
31
Let d(v) = -v**2 + 16*v - 32. What is d(14)?
-4
Let o(j) = -3*j**2 + 11*j - 13. Calculate o(6).
-55
Let j(m) = 7*m + 60. Give j(-9).
-3
Let h(b) = -3*b + 65. What is h(20)?
5
Let j(a) = -20*a**2 - 1. Determine j(1).
-21
Let r(j) = -j**3 - 14*j**2 + j + 9. Calculate r(-14).
-5
Let q(j) = -18*j**2 - 308*j - 41. Determine q(-17).
-7
Let p(h) = -51*h - 4. What is p(-1)?
47
Let n(s) = -14*s - 34. Calculate n(-2).
-6
Let u(i) = 15*i - 18. Determine u(2).
12
Let l(h) = 3*h**2 - 7*h - 4. Determine l(4).
16
Let l(d) = d**3 - 9*d**2 + d - 23. Calculate l(10).
87
Let w(j) = 3*j**2 + j - 5. Determine w(-4).
39
Let m(d) = -4*d**2 + d - 2. Calculate m(5).
-97
Let f(h) = 3*h**3 + 2*h**2 + 6*h + 9. What is f(-2)?
-19
Let v(x) = x + 37. Calculate v(0).
37
Let q(b) = 7*b - 2. Calculate q(-6).
-44
Let j(p) = p**2 - 13*p - 2. Calculate j(14).
12
Let y(z) = 13*z + 2. Calculate y(0).
2
Let r(v) = 8*v - 15. Determine r(8).
49
Let y(n) = n**2 - 3*n + 3. Give y(5).
13
Let u(v) = v**3 - 10*v**2 - 43*v + 28. Give u(13).
-24
Let p(n) = -n**2 + 2*n + 11. Determine p(-8).
-69
Let b(s) = 8*s - 140. Give b(17).
-4
Let u(g) = 33*g**2 - g. What is u(-1)?
34
Let n(y) = -4*y - 44. What is n(-9)?
-8
Let g(j) = j**3 + 13*j**2 + 12*j - 4. What is g(-12)?
-4
Let l(h) = h**3 + 10*h**2 - 4*h - 15. Give l(-10).
25
Let k(c) = -23*c**2 + c + 1. Determine k(-1).
-23
Let c(n) = -101*n - 1101. Determine c(-11).
10
Let n(v) = -v**2 + 8*v - 9. Calculate n(9).
-18
Let p(j) = j**2 + 7*j - 9. Determine p(-9).
9
Let z(l) = -5*l + 2. Calculate z(-5).
27
Let o(f) = -2*f - 8. Give o(-9).
10
Let m(p) = 2*p**2 + 7*p - 9. Calculate m(-5).
6
Let k(l) = -l**3 + 12*l**2 + 9*l - 12. What is k(13)?
-64
Let r(p) = p**2 - 4*p - 3. Give r(0).
-3
Let k(f) = 2*f**3 - 2*f**2 - 2*f - 1. What is k(-1)?
-3
Let i(j) = j + 1. Determine i(-8).
-7
Let f(c) = -c**3 + 14*c**2 - 3*c + 29. What is f(14)?
-13
Let j(p) = p**3 - 6. What is j(0)?
-6
Let g(j) = 3*j + 6. Calculate g(-3).
-3
Let x(j) = -j**2 - 19*j + 2. What is x(-19)?
2
Let p(v) = 16*v**2 - 27*v - 4. Calculate p(2).
6
Let d(i) = 3*i**2 + 42*i + 15. Calculate d(-14).
15
Let p(c) = c**2 + 8*c - 64. Calculate p(-13).
1
Let t(d) = 28*d**3 - d**2 + d - 1. Determine t(1).
27
Let d(g) = 6*g - 2. Calculate d(2).
10
Let u(m) = -3*m + 9. What is u(13)?
-30
Let l(g) = -108*g - 7. What is l(-1)?
101
Let f(g) = 4*g**2 + 7*g. What is f(-3)?
15
Let o(a) = -12*a + 7. Determine o(-5).
67
Let u(g) = -g**2 + g - 7. What is u(-5)?
-37
Let s(h) = -3*h**2 - 60*h + 4. Determine s(-20).
4
Let h(o) = -2*o**2 + 3*o - 1. Determine h(1).
0
Let g(m) = -m**2 - 11*m - 13. Calculate g(-9).
5
Let u(c) = -4*c**3 + 22*c**2 - 12*c + 9. Give u(5).
-1
Let k(a) = a**2 + 9*a - 18. What is k(-8)?
-26
Let o(v) = -v + 9. What is o(-9)?
18
Let c(p) = -2*p**2 + 4*p + 65. What is c(7)?
-5
Let s(w) = w**3 - 15*w**2 + 12*w + 27. Determine s(14).
-1
Let g(l) = l**3 + 5*l**2 + 27*l + 8. Determine g(-6).
-190
Let d(z) = -z**3 - 9*z**2 - 2*z - 13. Give d(-10).
107
Let g(t) = 2*t - 21. Determine g(10).
-1
Let y(u) = -u**3 - 7*u**2 + 19*u - 14. Determine y(-9).
-23
Let o(q) = 3*q**3 + 3*q**2 - 4*q. Give o(-3).
-42
Let m(l) = -2*l + 45. Calculate m(17).
11
Let h(o) = -o**3 + 2*o**2 + 19*o - 4. Calculate h(-4).
16
Let b(z) = -2*z**3 + 26*z**2 + z - 10. Give b(13).
3
Let v(t) = -23*t - 93. What is v(-3)?
-24
Let f(x) = -x**3 + 12*x**2 - 15*x + 16. Calculate f(11).
-28
Let i(g) = -g + 6. What is i(2)?
4
Let r(h) = -9*h + 178. Give r(19).
7
Let j(d) = d**2 + 25*d + 37. What is j(-20)?
-63
Let f(r) = -73*r + 213. Give f(3).
-6
Let h(l) = l**3 - 18*l**2 + 19*l - 37. Give h(17).
-3
Let s(v) = -v**3 - 7*v**2 + 2*v + 12. Give s(-7).
-2
Let o(y) = 8*y - 3. Determine o(3).
21
Let q(i) = i**2 - 21*i + 44. What is q(18)?
-10
Let h(o) = -o**3 - 2*o**2 - 8*o + 80. Determine h(0).
80
Let t(x) = -x**3 + 8*x**2 - 12*x + 4. What is t(4)?
20
Let k(t) = -t - 12. Give k(-6).
-6
Let r(y) = -114*y + 13. Give r(1).
-101
Let t(q) = q**3 - 10*q**2 + 2*q - 19. Determine t(10).
1
Let w(z) = -2*z**3 + 12*z**2 + 3*z - 10. Calculate w(6).
8
Let s(f) = -12*f + 63. Calculate s(5).
3
Let b(r) = -r**2 + 27*r - 82. Calculate b(4).
10
Let m(k) = -12*k**2 - 4*k - 1. Give m(-3).
-97
Let w(g) = g**3 + 2*g**2 + g + 6. Give w(-3).
-6
Let s(o) = -2*o - 4. Give s(4).
-12
Let s(d) = -d + 19. Give s(6).
13
Let q(k) = -k - 2. Determine q(1).
-3
Let h(k) = 3*k**2 + 2*k - 1. Give h(1).
4
Let u(i) = i**3 + 2*i**2 - 10*i + 8. Determine u(4).
64
Let k(b) = -b**2 + 10*b - 12. Calculate k(9).
-3
Let n(v) = -v**2 + 6*v - 4. Calculate n(6).
-4
Let j(u) = -u**3 - u**2 + u - 106. What is j(0)?
-106
Let s(t) = -5*t**2 + 3*t. Determine s(1).
-2
Let h(i) = 2*i**2 + 34*i - 77. What is h(-19)?
-1
Let o(c) = 8*c - 23. Calculate o(4).
9
Let g(x) = -x**2 + 20*x - 83. Determine g(13).
8
Let m(p) = -2*p**2 - 58*p - 5. Determine m(-29).
-5
Let l(m) = -99*m - 9. What is l(-1)?
90
Let r(o) = -o**2 - 13*o - 27. What is r(-11)?
-5
Let f(h) = -h**3 - 2*h**2 - 4*h - 3. Determine f(-3).
18
Let g(c) = 2*c**2 + 7*c + 4. Determine g(-3).
1
Let d(y) = 2*y**3 - 3*y**2 - 5*y + 3. Calculate d(4).
63
Let i(x) = 3*x + 9. What is i(-4)?
-3
Let v(r) = 45*r - 2. What is v(-1)?
-47
Let g(w) = 2*w - 8. Calculate g(4).
0
Let u(s) = -s**3 - 9*s**2 + 13*s + 6. Determine u(-10).
-24
Let h(p) = 7*p - 2. What is h(5)?
33
Let m(p) = 43*p**2 - p. Calculate m(1).
42
Let r(l) = -10*l**2 + 8*l - 5. Give r(1).
-7
Let l(q) = q**2 - 14*q + 53. Give l(7).
4
Let v(g) = -2*g + 22. Determine v(0).
22
Let k(i) = -18*i - 159. Give k(-9).
3
Let y(i) = 6*i - 55. Determine y(9).
-1
Let v(b) = b**3 + 8*b**2 - 5. What is v(-8)?
-5
Let q(g) = -g**3 - 4*g**2 + 7*g + 13. Determine q(-6).
43
Let w(o) = -o**3 - 10*o**2 + o - 10. Give w(-10).
-20
Let m(d) = -d + 4. What is m(5)?
-1
Let g(j) = -2*j - 39. What is g(-16)?
-7
Let t(k) = -12*k - 8. Determine t(-3).
28
Let d(k) = 2*k**3 - 26*k**2 - 1. What is d(13)?
-1
Let m(k) = k**2 - 12*k + 19. Determine m(10).
-1
Let j(x) = x**3 - 5*x**2 + 8*x - 3. Determine j(6).
81
Let x(s) = s**3 - 6*s**2 - 2*s. What is x(6)?
-12
Let w(h) = 4*h + 70. Calculate w(-8).
38
Let w(f) = f**2 - 12*f + 19. Calculate w(11).
8
Let l(g) = -32*g - 174. Determine l(-5).
-14
Let l(c) = c**2 - 2*c - 2. What is l(4)?
6
Let q(d) = -2*d**3 - 3*d**2 - d - 1. What is q(-2)?
5
Let v(h) = 2*h - 2. Determine v(6).
10
Let c(h) = h**3 + 8*h**2 + 3*h - 5. Determine c(-8).
-29
Let a(h) = 15*h + 24. Determine a(-7).
-81
Let z(o) = 2*o**3 - 4*o**2 - o + 7. What is z(3)?
22
Let g(z) = 4*z - 8. Give g(2).
0
Let n(l) = 2*l + 2. What is n(8)?
18
Let b(r) = -24*r - 23. Give b(1).
-47
Let o(l) = l**3 - 5*l**2 + 2*l - 14. Determine o(5).
-4
Let s(j) = 2*j**2 - 4*j + 3. Determine s(4).
19
Let q(o) = -12*o - 44. Determine q(-4).
4
Let n(v) = v**3 - v**2 - 5*v - 2. Give n(-2).
-4
Let k(w) = 2*w**3 - 13*w**2 - 5*w - 14. Determine k(7).
0
Let i(m) = 6*m**2 + 11*m + 5. Give i(-2).
7
Let w(n) = -7*n**2 + 46*n - 5. Calculate w(7).
-26
Let y(a) = -a**3 - 7*a**2 - a + 2. What is y(-6)?
-28
Let d(t) = t**3 + 15*t**2 + 33*t + 28. Give d(-13).
-63
Let u(y) = -18*y - 235. Calculate u(-13).
-1
Let b(h) = -h - 10. Give b(-6).
-4
Let h(z) = -z**2 + z - 3. What is h(3)?
-9
Let x(h) = 2*h**3 - 10*h**2 + 9*h - 50. Give x(5).
-5
Let l(m) = -m**2 + 16*m - 50. What is l(7)?
13
Let j(n) = 2*n - 17. Dete